ns digit of 13669991?
3
What is the thousands digit of 4387328530?
8
What is the thousands digit of 146135080?
5
What is the hundred thousands digit of 4820531489?
5
What is the ten thousands digit of 2137916876?
1
What is the hundreds digit of 10139236?
2
What is the hundreds digit of 356942565?
5
What is the billions digit of 2452484450?
2
What is the hundred millions digit of 5652015657?
6
What is the units digit of 553052369?
9
What is the hundreds digit of 1176451778?
7
What is the hundred millions digit of 987841011?
9
What is the millions digit of 2128981695?
8
What is the ten millions digit of 158098819?
5
What is the hundred thousands digit of 119327166?
3
What is the tens digit of 777068112?
1
What is the tens digit of 35700260?
6
What is the hundred thousands digit of 1170083912?
0
What is the units digit of 3708678171?
1
What is the hundred thousands digit of 95691334?
6
What is the hundred thousands digit of 406619513?
6
What is the tens digit of 129880431?
3
What is the millions digit of 662909702?
2
What is the tens digit of 11856940?
4
What is the units digit of 466379867?
7
What is the hundred thousands digit of 37934889?
9
What is the units digit of 2088298244?
4
What is the ten millions digit of 190757676?
9
What is the tens digit of 43925106?
0
What is the ten thousands digit of 100930691?
3
What is the hundreds digit of 4492870156?
1
What is the hundred millions digit of 1209701920?
2
What is the thousands digit of 220565449?
5
What is the millions digit of 8593148?
8
What is the ten millions digit of 83714849?
8
What is the hundreds digit of 25215174?
1
What is the hundred thousands digit of 3952319726?
3
What is the hundred millions digit of 558755063?
5
What is the thousands digit of 892958076?
8
What is the ten thousands digit of 62241325?
4
What is the tens digit of 44160425?
2
What is the ten thousands digit of 126115082?
1
What is the tens digit of 129695823?
2
What is the millions digit of 2548190063?
8
What is the ten thousands digit of 1680783109?
8
What is the ten millions digit of 25332716?
2
What is the ten thousands digit of 25312093?
1
What is the hundreds digit of 113617573?
5
What is the hundred thousands digit of 396951832?
9
What is the hundred thousands digit of 79075512?
0
What is the hundreds digit of 57097206?
2
What is the hundreds digit of 2536987?
9
What is the hundreds digit of 244691293?
2
What is the ten thousands digit of 1135879250?
7
What is the ten millions digit of 74695943?
7
What is the hundreds digit of 7055553415?
4
What is the ten thousands digit of 19656986?
5
What is the ten millions digit of 25028191?
2
What is the units digit of 162794426?
6
What is the hundreds digit of 18253650?
6
What is the hundred millions digit of 159050544?
1
What is the thousands digit of 11783135?
3
What is the millions digit of 105923221?
5
What is the units digit of 18938787?
7
What is the thousands digit of 413390975?
0
What is the thousands digit of 579784834?
4
What is the hundred millions digit of 4390112880?
3
What is the millions digit of 976805445?
6
What is the hundred thousands digit of 874483769?
4
What is the ten thousands digit of 80029964?
2
What is the hundreds digit of 205168802?
8
What is the hundred millions digit of 740525457?
7
What is the hundreds digit of 1146911125?
1
What is the hundred millions digit of 1029391973?
0
What is the thousands digit of 77983200?
3
What is the tens digit of 2325385686?
8
What is the millions digit of 258046352?
8
What is the millions digit of 619329296?
9
What is the units digit of 182377632?
2
What is the units digit of 3352207038?
8
What is the thousands digit of 6803428388?
8
What is the units digit of 244896132?
2
What is the hundreds digit of 1411670211?
2
What is the hundreds digit of 37966040?
0
What is the ten thousands digit of 4157957647?
5
What is the millions digit of 15514448?
5
What is the hundreds digit of 83418303?
3
What is the tens digit of 309115301?
0
What is the tens digit of 10618246?
4
What is the ten thousands digit of 173416637?
1
What is the ten thousands digit of 23110599?
1
What is the hundred thousands digit of 263110352?
1
What is the ten thousands digit of 454549856?
4
What is the tens digit of 112729310?
1
What is the ten thousands digit of 72100532?
0
What is the ten millions digit of 42545230?
4
What is the millions digit of 62576678?
2
What is the hundred thousands digit of 14031866?
0
What is the tens digit of 4148023168?
6
What is the thousands digit of 1460941586?
1
What is the units digit of 1555886284?
4
What is the hundreds digit of 7126854268?
2
What is the hundred thousands digit of 88360307?
3
What is the hundreds digit of 70567194?
1
What is the ten millions digit of 470900021?
7
What is the hundreds digit of 42742865?
8
What is the thousands digit of 99825289?
5
What is the hundred thousands digit of 341356050?
3
What is the hundred millions digit of 131888373?
1
What is the hundred millions digit of 119855026?
1
What is the ten millions digit of 900961413?
0
What is the thousands digit of 4018989512?
9
What is the ten thousands digit of 928014560?
1
What is the hundred thousands digit of 335014076?
0
What is the ten millions digit of 1311185917?
1
What is the ten thousands digit of 5093754598?
5
What is the millions digit of 525300727?
5
What is the hundred thousands digit of 17081830?
0
What is the millions digit of 1522141807?
2
What is the millions digit of 1135911353?
5
What is the thousands digit of 38899313?
9
What is the units digit of 514506746?
6
What is the hundred millions digit of 110078196?
1
What is the tens digit of 3002804021?
2
What is the tens digit of 4380128180?
8
What is the hundred millions digit of 615287478?
6
What is the units digit of 2006051066?
6
What is the ten thousands digit of 44516220?
1
What is the millions digit of 48723943?
8
What is the hundred millions digit of 1078581713?
0
What is the ten thousands digit of 145955944?
5
What is the hundred millions digit of 892777037?
8
What is the millions digit of 53234902?
3
What is the ten thousands digit of 84541993?
4
What is the thousands digit of 38107417?
7
What is the hundreds digit of 407940814?
8
What is the hundreds digit of 39405017?
0
What is the units digit of 194616045?
5
What is the hundred millions digit of 201551814?
2
What is the hundred thousands digit of 23878845?
8
What is the thousands digit of 22076108?
6
What is the tens digit of 17874760?
6
What is the hundred millions digit of 129151191?
1
What is the hundred thousands digit of 39865127?
8
What is the hundred millions digit of 772233344?
7
What is the tens digit of 642712823?
2
What is the thousands digit of 564748375?
8
What is the hundred millions digit of 4430283419?
4
What is the millions digit of 154471700?
4
What is the units digit of 1278380467?
7
What is the ten millions digit of 415820172?
1
What is the tens digit of 1316829403?
0
What is the ten thousands digit of 1401011666?
1
What is the hundreds digit of 112434435?
4
What is the ten millions digit of 136342018?
3
What is the thousands digit of 48073470?
3
What is the millions digit of 19409364?
9
What is the millions digit of 37226306?
7
What is the units digit of 88845806?
6
What is the hundred thousands digit of 1538141705?
1
What is the units digit of 84842787?
7
What is the hundred thousands digit of 692736493?
7
What is the hundred thousands digit of 162024248?
0
What is the hundreds digit of 250287938?
9
What is the hundred millions digit of 4619776371?
6
What is the units digit of 736445567?
7
What is the hundred millions digit of 118523300?
1
What is the ten thousands digit of 63925676?
2
What is the units digit of 6398674841?
1
What is the ten millions digit of 352546624?
5
What is the millions digit of 82039661?
2
What is the ten millions digit of 101921616?
0
What is the hundreds digit of 28732339?
3
What is the tens digit of 403265535?
3
What is the millions digit of 2106819941?
6
What is the thousands digit of 54681057?
1
What is the hundreds digit of 89200041?
0
What is the tens digit of 1446174?
7
What is the hundred millions digit of 144522786?
1
What is the thousands digit of 250553547?
3
What is the millions digit of 33520425?
3
What is the hundreds digit of 268664286?
